a be (1 - 1)/(121 - 138). What is p(a)?
-101
Let n(d) = -15*d + 17*d + 11*d - 15*d. Let i(o) = -5 - 4*o**2 + 3*o - 2*o**3 - 2*o + 3*o**3. Let g be i(4). Give n(g).
2
Let l(u) = u**3 - 3*u**2 - 8. Let h = -7219 - -7223. Calculate l(h).
8
Suppose -2*b + 14 = -c - 7*b, -5*b - 2 = 3*c. Let r(j) = 5*j**2 - 28*j - 14. Determine r(c).
-2
Let w(r) = 94*r**3 + 1. Let z(m) = -4*m**2 + 108*m + 233. Let f be z(29). Calculate w(f).
95
Let d(p) = p**2 - 37*p - 77. Suppose -43*a + 86*a = 25*a + 702. Calculate d(a).
1
Let s(a) = -3*a - 59. Suppose -h + 0*h - 24 = n, -5*h = -3*n - 40. Let x be s(n). Let c(j) = -12*j**3 - 2*j + 1. Determine c(x).
-13
Suppose 10*p + 255 = 27*p. Let l(u) = -37*u + 19*u + 11*u + 1 + p*u. Let y be 3 - (-4 + 5 + 4). Calculate l(y).
-15
Let u(c) be the second derivative of -1/24*c**4 + 36*c + 4/3*c**3 + 0 + 7/2*c**2. Let x(j) be the first derivative of u(j). What is x(9)?
-1
Let g(s) = s**2 - 2*s + 7. Let c = -3285 + 3282. Give g(c).
22
Let n(w) = w**3 - 6*w**2 - 14*w - 12. Let x be n(8). Suppose -x*v = 4*i - 7*v - 12, -5*i + v = -26. Let q(o) = o + 4*o - i + 7 - 2. What is q(2)?
9
Let w(y) = -y**2 - 1. Let s(p) = -3*p - 1. Suppose f + 5*m - 2 = 4, f - 4*m + 3 = 0. Let c(t) = f*w(t) + s(t). What is c(-2)?
0
Let o(h) = -19*h**3 + 16*h**2 - 13*h + 20. Let u(v) = 9*v**3 - 7*v**2 + 6*v - 10. Let x(l) = -6*o(l) - 13*u(l). Give x(-2).
14
Let f(y) = 67*y - 16. Let a be f(3). Suppose -3*u + 67 = -a. Suppose -u = -x - 80. Let j(g) = 2*g - 5. Calculate j(x).
3
Let m(t) be the second derivative of 1/6*t**3 + 5*t + 2*t**2 + 18. What is m(-4)?
0
Let z(f) = -5*f**2 + 40*f. Let j be z(8). Let x(n) be the second derivative of -2*n - 5/6*n**3 + 2*n**2 + j - 1/6*n**4. Determine x(-4).
-8
Let u(o) be the second derivative of o**4/12 - o**3/6 - 5*o**2 + 2*o + 426. What is u(-5)?
20
Let b(l) = 7*l**3 + 6*l**2 - l - 3. Suppose 2*p = -s + 6, -7*p - 5*s + 16 = -4*s. Calculate b(p).
75
Let a(v) = v**2 - v - 4. Suppose -11*h = -42*h + 341. Let x(w) = 17*w - 184. Let o be x(h). Determine a(o).
2
Suppose -3*n = 2*n + 250. Let w be n/15 + 2/(-3). Let s(l) = 72 - l**3 - 252 + 70 - 3*l**2 + 111 + 3*l. What is s(w)?
5
Suppose -2*z + 2*k + 20 = -0*z, 3*z - 36 = 5*k. Let h(c) = -2*c - 2. Let r(y) = -2*y - 2. Let x(b) = 5*h(b) - 6*r(b). Calculate x(z).
16
Let i(y) be the first derivative of y**6/120 + 7*y**5/60 + y**4/6 - y**3/6 - 5*y**2/2 - 18*y + 240. Let n(g) be the second derivative of i(g). Calculate n(-6).
11
Let c(r) = -3*r - 42. Suppose -8*x + 2 = -n - 3*x, -x = 2*n + 26. Give c(n).
-6
Suppose 4*u + 2*q = -140, 0 = 4*u + 2*q - q + 136. Let v = 34 + u. Let l(c) = 2 - c - 6 + 0 + v. What is l(-7)?
4
Let g(w) be the third derivative of w**6/120 - 13*w**5/60 - w**4/12 + 5*w**3/3 - 158*w**2 - 2*w - 2. Give g(13).
-16
Let x(b) = 10*b - 16. Suppose -2*q = -2*c - 4, 23 = q - 948*c + 944*c. Calculate x(q).
-66
Suppose -14*p = 94*p - 562 - 734. Let x(m) = -7*m + 64. Determine x(p).
-20
Let l(v) = 8*v + 6. Let z(w) = w - 1. Let s(x) = l(x) + 6*z(x). Let a be 3 + -7 - -9 - (0 + -16). Suppose 9 = -a*d + 30. Calculate s(d).
14
Let l be (6/2 - 2) + -8. Let j(t) = 21*t - 80. Let y be j(4). Let n(q) = -2 - q**2 - 8*q + 6 - 14 + y. Calculate n(l).
1
Let z(o) = -769*o**2 - 745*o**2 + 63 + 34*o - 149*o + 1512*o**2. Calculate z(-58).
5
Let l(a) = a + 5. Let h be l(-4). Suppose -9*j - 9 = -5*c - 11*j, -4*c + 15 = -j. Let z(r) = 114*r - 112*r + 0 - 1 + r**c. Determine z(h).
2
Let o(g) be the third derivative of -g**4/4 + 11*g**3/6 - 9483*g**2. Calculate o(4).
-13
Let z(v) = -22 - 3 - 12 + 5*v + 0 - 14. Give z(9).
-6
Let j = -3 + 1. Let z(s) = 65 - 2*s + 64 + 63 - 5*s - 194. Determine z(j).
12
Let u(w) = -25*w + 47. Suppose -7*b + 5*c = -2*b + 25, -5*b - 4*c + 38 = 0. What is u(b)?
-3
Let n(l) = l**3 + 6*l**2 - 9*l - 14. Let s = -5573 + 5567. Calculate n(s).
40
Let t(d) be the third derivative of -d**4/24 + 17*d**3/3 - 194*d**2 + 2*d. Give t(25).
9
Suppose 0 = -0*y - 7*y + 2324. Let j(l) = -5 - y*l - 336*l + 666*l. Calculate j(-3).
1
Let j(f) = f**3 - 2*f**2 - 2*f. Let z(y) = 2 + 1 - y**2 + 4*y + 0. Suppose 3*m - 5*g + 7*g = 12, -2*g = -5*m + 20. Let u be z(m). Calculate j(u).
3
Let w(b) = -b**3 - 6*b**2 + 4*b - 8. Let y(c) = c**3 + 11*c**2 - 4*c + 10. Let a(s) = -3*w(s) - 2*y(s). Let v = -16 - -21. Calculate a(v).
9
Let k(w) be the first derivative of w**3/3 + 17*w**2/2 - 59*w + 1384. Calculate k(-20).
1
Let o be (-3 + 12)*1*(-1)/(-6)*-2. Let b(a) = 5*a - 3*a**2 - 2 - 7*a - a**3 - a**2. Determine b(o).
-5
Let p(q) = -1605*q - 1607*q + 0*q**2 + 3208*q - 1 + q**2 + 0*q**2 - q**3. Give p(3).
-31
Let q be ((-5)/25)/((-7)/210). Let z(w) = 6*w + 10. Give z(q).
46
Let f(y) = y**3 - 2*y**2 - 2. Let q(b) = b**2 - 9*b + 17. Let l be q(4). Let d(c) = 3*c**2 + 3*c + 2. Let s be d(l). Suppose 13 = 11*p - s. Calculate f(p).
7
Let q(c) = 27 + c**2 + 0*c**2 - 2*c + 10 - 5*c**3 - 36. Let p = -356 + 357. Calculate q(p).
-5
Let c(n) = -6*n + n**2 - 3*n + 2 + 3*n. Let q(t) = -4*t - 8. Let g be q(-3). What is c(g)?
-6
Let y(b) = b**3 - 9*b**2 - 8*b - 12. Let t(k) = -2*k**2 - 7*k + 7. Let w be 2/(4/(-5))*(-138)/(-115). Let j be t(w). Determine y(j).
8
Let h(m) be the third derivative of m**6/120 + 11*m**5/60 + 2*m**4/3 - m**3 + 1230*m**2. Give h(-9).
12
Let k(v) = 4*v**2 + 28*v + 27. Let y be k(-5). Let s(n) = n**2 + 12*n - 9. Give s(y).
4
Let i be 24 + -1 - (3 - 17 - 4*-2). Let y(k) = k**3 - 30*k**2 + 24*k + 147. Determine y(i).
2
Let t(r) = -3*r**2 - 61*r + 8. Let b(y) = y**2 + 14*y. Let k(v) = 4*b(v) + t(v). What is k(3)?
2
Let c(h) = -6*h - 28. Let j be c(-5). Let m(q) = -7*q**j + q**3 + 9*q**2 - 4*q**2 - 1. Suppose 30 = 6*s - s + 5*a, 5*s + 2*a - 18 = 0. What is m(s)?
-1
Let u = -99 + 117. Suppose -22*g + 64 = -u*g. Suppose n + g = 11. Let f(q) = -q**3 - 6*q**2 - 7*q - 6. What is f(n)?
4
Let q be ((-132)/(-165))/((2 + 0)/(-10)). Let g be (1 + q)*(-1694)/14. Let o be g/(-51) - 8/(-68). Let a(n) = n**3 + 7*n**2 - n - 5. Calculate a(o).
2
Let q(o) be the third derivative of o**5/60 - o**3/6 - 22*o**2. Let v(w) = -2*w**2 + w + 5. Let n(z) = 6*q(z) + v(z). Determine n(1).
4
Let g = 76 - 77. Let y be (-6 - g)*(9 - 8). Let x(s) = -3*s**3 - 8*s**2 - s - 2. Let a(n) = -4*n**3 - 9*n**2 - 2. Let p(q) = y*x(q) + 4*a(q). Calculate p(5).
2
Suppose 6*i + 14 = -2*u, 0 = -3*u - 3*i + 52 - 85. Let h(j) = -j**3 - 15*j**2 - 14*j + 155. What is h(u)?
-1
Let s(b) = b**3 + 34*b**2 - 73*b - 26. Let d(l) = 123*l - 2127. Let a be d(17). What is s(a)?
10
Let x(z) = -2*z**2 - 9*z. Suppose 4*h - 7*h = 3*p - 3, -3*p + 11 = h. Calculate x(h).
4
Let w(n) = -3*n**2 - 40*n - 90. Let g be w(-10). Suppose 43 = 5*o - f, 3*o - 2*f = -0 + 23. Let h(y) = -g*y**2 - 2 + o*y - 2*y + 9*y**2. Give h(5).
8
Let a(p) = -29*p - 14. Let f be a(5). Let s = f - -166. Let v(r) = r + 2. What is v(s)?
9
Let y(o) be the first derivative of o**4/4 - 2*o**3/3 - o**2 + 13*o + 714. Give y(0).
13
Suppose -5 - 3 = -289*b + 281*b. Let n(t) be the third derivative of 5*t**3/6 - 3*t**2. Let p(k) = -k**2 + 6. Let s(q) = -6*n(q) + 5*p(q). What is s(b)?
-5
Let t(r) be the first derivative of r**4/4 - 13*r**3/3 + 11*r**2 - 18*r + 518. Calculate t(12).
102
Let y(b) = 3*b**2 + 7*b + 12. Let c(r) = -2*r**2 + r - 4. Let x(j) = c(j) + y(j). Let l(m) = -3*m + 1. Let p be l(1). Let o = p - 4. Give x(o).
-4
Suppose 4*n + 12 = n. Let j be -3 + ((-24)/n - -3). Let z be 3/(1/(-10)*j). Let w(g) = g**2 + 7*g + 2. What is w(z)?
-8
Let y(m) = m**2 + 28*m - 16. Suppose k - 91*f + 31 = -90*f, -4*k + 3*f - 122 = 0. Give y(k).
13
Let g(n) = -81935 - 11*n + 3*n**3 + 81936 + 7*n**2 - 2*n**3. Give g(-9).
-62
Let q(t) = t**3 + 21*t**2 - t - 24. Let m be q(-21). Let o(n) = -n + 2. Let s(j) = 6. Let x(g) = m*s(g) + 2*o(g). Determine x(-6).
-2
Let z(q) = -6*q - 4. Let f be z(0). Let w(t) = -10*t**3 - 4*t**2 - t + 5. Let n(a) = -13*a**3 - 4*a**2 - 2*a + 5. Let c(r) = -3*n(r) + 4*w(r). What is c(f)?
-3
Let h(s) be the second derivative of s**5/20 + s**4/4 + s**3/6 - s**2/2 + 6*s + 73. Let z = -2 + 0. Calculate h(z).
1
Let o(a) = 22*a - 7. Suppose 132 = 264*u - 330*u. Calculate o(u).
-51
Suppose 107*w = 108*w - b - 11, -5*w + 2*b = -34. Let m(x) = 26*x - 8. Determine m(w).
96
Let r(k) be the third derivative of 0*k + 5/12*k**4 - 3/2*k**3 - 1/60*k**5 + 212*k**2 + 0. Calculate r(7).
12
Let z(